e (0 - 28) + -75 + 90.
-13
Evaluate (-13 - -6) + 16 + -10 + -14.
-15
What is the value of -4 + 3 + (5 - (-9 + (19 - 11)))?
5
What is 13 + (14 - (-5 - -31))?
1
What is 11 - (-102 + 107 - (1 - 1))?
6
-5 - (-2 - (3 - -3) - -4)
-1
21 - (-3 - (1 - 13 - 2))
10
(-75 - -5) + 55 - (-52 + 1)
36
What is -1 - -1 - ((-18 - (-3 - 4)) + 0)?
11
What is the value of (7 + -2 - 1) + (0 - -2 - -10)?
16
Evaluate (-12 - -8) + -20 + 16.
-8
0 + (23 - (16 - 6)) + 6
19
Calculate -3 + (-4 - -4) - (4 + (7 - 23)).
9
Evaluate 21 + -30 - (-6 - (3 + -5 + -6)).
-11
Evaluate 3 - (0 + (-13 - -6) + 6 + -4).
8
-221 + 251 + -13 + 0
17
Calculate -5 - (-5 + 1 + 5 + -1) - 4.
-9
Calculate -25 - (29 + -46) - -33.
25
Evaluate 8 + -11 + -5 + 5 + -8.
-11
What is the value of 0 + 18 - (-57 + 14 + 40)?
21
(2 - -13) + (8 + -13 - 0)
10
Evaluate (6 - -1) + 4 + -10.
1
Evaluate -16 + (-6 - (-9 + (11 - (-5 + 10)))).
-19
What is 0 + (-6 + -1 - (-11 + (16 - -2)))?
-14
What is 57 + -39 + (2 - -6 - 8)?
18
Evaluate -423 - -442 - (-1 + 24).
-4
What is the value of 7 + (-6 + 6 - 34) + 11?
-16
What is -4 + (9 - (2 + 8 + -6))?
1
What is -3 - -4 - -5 - (-3 - -16)?
-7
Evaluate -47 - -18 - -87 - 33.
25
Calculate -11 + 6 + 8 + 9 + -7.
5
What is (3 - -8 - 33) + 10?
-12
-26 - (30 - 43) - 4
-17
What is 7 - (-6 + -6 + 16)?
3
-1 + -1 + -5 + 13 - 8
-2
What is -3 + -16 + (-10 - -37)?
8
Evaluate -1 - 17 - (-135 + 129).
-12
(-5 - -2) + (-6 - (-12 + 15))
-12
-7 + -6 + 2 + (4 - (5 - 4))
-8
What is -8 - -12 - (7 - -1)?
-4
What is the value of 27 + 5 + -85 + 34?
-19
Evaluate -14 - ((5 - (9 + 15)) + 0 + 9).
-4
Calculate -7 + 6 + -10 + 1.
-10
Calculate (4 - 40) + 27 + -4.
-13
Calculate (-26 + 21 - -12) + -13.
-6
28 - (5 - (-4 - (5 - 2)))
16
Calculate (4 - (20 - 13)) + 13.
10
What is the value of -26 - (-23 + -3 + 3)?
-3
Calculate 7 + 4 + (1 - 3) + -15.
-6
Calculate -4 - 1 - (4 + 5 + -15 - -5).
-4
What is the value of 11 - (-16 - -35) - (4 + -2)?
-10
Calculate (-3 - 1) + 6 + (1 + -10 - -20).
13
Evaluate 7 + (-7 - 2) + 17 + (5 - 1).
19
-13 + 16 - (-6 - -6 - 11)
14
9 + (-18 + (-3 - -10) - -12) + 10
20
What is -12 + 9 + -2 + 9 - (-28 - -2)?
30
Evaluate -5 + (-7 - (34 - 17)).
-29
What is (55 - 37) + (1 - 5) + (6 - 4)?
16
Evaluate 3 + 24 - (66 + -34).
-5
What is 0 - -4 - (-7 - -14)?
-3
What is the value of (-78 + 70 - (-15 - 0)) + -12?
-5
Calculate (-10 - -6) + 34 - (-14 + 17).
27
Calculate -1 + 0 + 4 + 74 + -80.
-3
4 + (1 + -12 - (86 - 95))
2
Calculate 10 - (5 + (0 - 7 - 2) + -1).
15
-13 - 1 - (-250 - -238)
-2
Evaluate 23 + -8 - 2 - (-20 - (-14 - -4)).
23
Evaluate (-16 - -21) + 11 + -24.
-8
What is the value of (-1 - 0) + (2 + 17 - 21) + -6?
-9
Evaluate 19 - -3 - (-12 + 12 + 12).
10
Evaluate 2 + 25 + (-21 - (-3 - (-13 - -23))).
19
What is -6 + (-1 - (1 + (-1 - 4)))?
-3
-398 + 372 - (5 - 6 - 1)
-24
Evaluate -12 + (13 - -4) + 14 + 1.
20
What is 6 + (4 - (-10 + 18 + -14))?
16
What is (-23 - (26 + -46)) + (3 - 1)?
-1
What is the value of 3 + 1 + (0 + -26 + 4 - -4)?
-14
-11 + 21 + -4 + 4
10
What is the value of 8 - (18 - (-11 - -26))?
5
Evaluate -5 - (-19 + 24) - -26.
16
-29 + 5 + 22 + -5
-7
What is the value of 24 + -10 + -6 - (-15 + 5)?
18
What is (3 - -62) + -101 + (1 - -7)?
-28
Calculate -12 + (52 - 34) + (-11 - (1 + 1)).
-7
What is (1 - 11) + (-433 - -446)?
3
What is the value of 3 + 9 + (-42 - -35) - 11 - -14?
8
36 + -15 + -11 + 2
12
What is the value of -4 - -35 - (77 - 14)?
-32
What is the value of 11 - 4 - (38 - (-2 - -3))?
-30
What is the value of 10 + -11 + -8 + 9 + 0?
0
What is -1 + -3 + 3 + 2 + -29 + 16?
-12
What is the value of (-31 - (-7 - -4)) + 11 - -1?
-16
-312 + 291 - (1 + -8)
-14
Evaluate -32 - -20 - -6 - (2 + -1).
-7
7 - 1 - (27 + -1 + -11)
-9
What is 7 + (-20 - 1) - -3?
-11
Calculate (167 - 156) + 10 + 1.
22
Calculate -9 - (13 - 29) - 37.
-30
Evaluate -4 + (41 + -2 - (17 + -11 + -6)).
35
0 + (0 + 1 - -5) - (-1606 - -1587)
25
What is (-1 - 7) + -8 + (8 - 4)?
-12
17 + -21 + 3 - 15
-16
Evaluate (0 - -2 - 8) + -18 + 36 - 1.
11
Calculate -11 + -3 + (123 - 98).
11
What is 36 - (-21 + 9 + 29)?
19
(-34 + 25 - 3) + 20 + 0
8
What is the value of -4 - (-3 - 6) - (-11 + 23)?
-7
Calculate -1 - (-3 + 1 + (-3 - 0) + 3).
1
Calculate (19 + -2 - (6 + -3 + -1)) + -5.
10
-7 - -2 - ((-11 - 5) + 18)
-7
132 + -149 - (-7 + -1)
-9
What is the value of -7 + -24 - (-10 + 12 + -8)?
-25
Calculate 1 + 6 + -27 + 12 - (0 + 14).
-22
What is the value of 26 - (23 + (-20 - 2))?
25
(28 - -11) + -49 + 24
14
What is (6 - 11 - 4) + (23 - 12)?
2
What is 1 + -1 + -21 + 7 - 12?
-26
What is 15 - (-7 + 4) - 8?
10
Evaluate 6 + (11 - 3) - 12.
2
Calculate -16 + -1 + (-7 - 9) + 22.
-11
What is the value of 12 - (41 - (20 + -1))?
-10
Evaluate (14 - (1 - -11)) + -38 + 2.
-34
Evaluate -8 + (6 - (3 - (0 + 2) - -1)).
-4
What is -1 + -2 + -1 - (64 + -61)?
-7
What is -3 - -2 - 24 - (15 - 14 - 11)?
-15
What is 16 - (3 + -16 - -40)?
-11
What is 2 + -13 - 1 - -10?
-2
What is 50 - (58 - 33) - 12?
13
What is -6 + (1 - (-10 + 4 + -6 + 7))?
0
-22 + 5 + -12 + 6 + 12
-11
Evaluate 8 + 1 + (7 - (-10 - -22)) - 5.
-1
-11 + (-19 - -2) + 15 + (-1 - -5)
-9
5 + (15 - 3 - (-11 + 14))
14
Calculate -2 + (2 + (-6 - -7) - -3) - -1.
5
Evaluate (-199 - -193) + -7 + -2.
-15
2 + -1 + -5 - (-3 + -5 + 9)
-5
What is the value of (-1 + 0 + 18 - 1) + -1?
15
What is the value of 6 - 7 - ((2 - -7) + -5 - 9)?
4
What is (-280 - -266) + (2 - (-1 + 1)) + 3?
-9
6 - (7 + -22 + 3) - 45
-27
Evaluate -4 + 4 + -1 + -8 + 1 + 41.
33
What is the value of 0 + 22 + -9 + 0?
13
What is the value of (-26 - 4) + 7 + 6?
-17
Calculate -28 + 20 + (1 + 8 - -19).
20
Evaluate -9 - (-12 + 5) - (5 + -4).
-3
What is -8 - (-21 - (-20 + 13))?
6
Evaluate (7 - -3) + 15 - 18 - (8 + 1).
-2
-4 + (-4 + -3 - (-20 - -2))
7
Calculate 0 + -5 - -2 - (1 - (-5 + -5)).
-14
Calculate (-1 - 39) + 1 + (22 - 85 - -72).
-30
Evaluate 18 - (-15 + -2 + 30).
5
What is the value of -18 + 13 + (3 - (5 - 2))?
-5
Calculate -15 + (7 - -21) - (-1 + -5).
19
What is the value of 16 + 12 + -2 + 6?
32
Calculate 9 + -3 + (0 - -4 - 6) + -5.
-1
Evaluate 25 + (-9 - (-6 + (-1 - -3) - 5)).
25
What is (9 - 2) + (-8 - -20) + -17?
2
Evaluate -5 - ((-32 - -24) + -11).
14
Calculate 0 - -6 - (-16 - (-55 + 33)).
0
What is -14 - (-3 + 0 + -9 + 0 + 7)?
-9
Calculate -3 + -13 + (7 - 4).
-13
What is the value of (5 + -23 - -10) + (35 - 1) + -6?
20
14 - (19 + 13 + -22)
4
What is the value of -25 - (10 - (3 + -1) - 16)?
-17
Calculate (7 - -9 - 33 - 0) + (0 - 10).
-27
What is 9 + -2 - (-7 + 10 + 5) - 11?
-12
Evaluate -24 + 29 - 24 - -24.
5
Evaluate -4 - 1 - (-4 - (-8 - (-13 - -5))).
-1
Evaluate -1 - -11 - (1 - (0 - -4)).
13
Evaluate -5 - -11 - (-3 + 2).
7
What is the value of 1 - -6 - (28 + -15 - 17)?
11
Calculate -7 + (-6 + 10 - 0).
-3
What is the value of (9 - (0 - -8) - 4) + 27?
24
What is (-157 - -158) + (1 + -39 - (10 + -12))?
-35
-53 - -37 - -51 - 21
14
What is 2 + -10 + (-14 - (-5 + 11 + -6))?
-22
Evaluate -26 + 37 - (-3 - (12 + -1)).
25
Calculate 14 + 1 - (10 - -31 - 36).
10
What is the value of 34 + 10 + -60 + -1?
-17
What is 2 + 2 - (64 + -59) - -23?
22
What is the value of -8 - ((13 - 6) + -12 + -9)?
6
Evaluate (-51 - -52) + 20 + 6.
27
What is 12 + 13 - 10 - 6?
9
Evaluate 2 + -20 + (-41 - -67).
8
What is -4 + -16 + 55 - (9 - -1)?
25
What is 101 + -69 + (5 + -7 - 7) - 6?
17
What is -16 + -2 - -2 - (-36 + 31)?
-11
Calculate -35 + 26 - 8 - 14.
-31
-8 + 3 + 7 + -20 + 10
-8
What is 1 + (0 - (-6 + 7) - (-8 - -3))?
5
Calculate -20 - -18 - (0 + 5) - 9.
-16
Evaluate -14 - (-30 + 13 - -8).
-5
-11 - (-16 + -1 + -1)
7
Evaluate 0 - (0 - 7) - (31 - (5 + 23)).
4
Calculate (7 - 6) + (8 + -4 - 8 - -12).
9
(-19 - -5) + (11 - -8)
5
Evaluate 2 + (-5 + -2 + 8 + 0 - -16).
19
Calculate 19 - (-33 + (18 - -13) - (5 - 1)).
25
Evaluate (20 - 9) + -51 + 35.
-5
What is -545 - -527 - ((-2 - 2) + 0)?
-14
Evaluate (-252 - -223) + (2 - -20).
-7
(2 - -2) + (-9 + 6 - (-2 + 0))
3
Evaluate 6 + -8 + 206 + -211.
-7
What is -4 + (11 - (41 + (-7 - 8)))?
-19
What is 16 + -5 + -4 + -11?
-4
What is the value of (29 - (-13 + 20)) + -12?
10
Calculate (-115 - -133) + 2 + -37.
-17
Calculate 44 + -5 - (13 - 2) - 8.
20
-1 + (4 - 0) + (14 - (-3 + 34))
-14
What is the value of -3 + 4 + -2 + -7 + -4 + 0?
-12
Calculate (11 - 7 - 11) + -10 + 0.
-17
What is (-8 - (-4 + -7 + 11)) + 20?
12
What is the value of -1 + 16 - (